. Let f = 14 + -4. Let u be 2/f - (-26)/(-5). What is l(u)?
8
Let p(h) = h - 5. Suppose 5*n + 0*x + 15 = 5*x, -4*x + 12 = -2*n. What is p(n)?
-5
Let a(f) = f - 5. Let s be (0/((-2)/2))/3. Suppose 2*x = q + 14, -1 = -4*x - 4*q + 3. Suppose 0 = g - x - s. Calculate a(g).
0
Let f(a) = -a**3 - 4*a**2 - 3*a - 3. Suppose 0 = -w - 3*y - 8 - 8, -3*w - 2*y - 20 = 0. Calculate f(w).
9
Let y(q) = q**3 + q**2 + q. Let x(j) = 2*j**3 + 6*j - 3. Let b(t) = x(t) - 3*y(t). Let u(a) = a**2 - 6*a + 4. Let o be u(4). Determine b(o).
1
Let y(k) = -3*k**3 + 5*k**2 - 3*k + 2. Let o(z) = 5*z**3 - 7*z**2 + 4*z - 3. Let i(s) = -5*o(s) - 7*y(s). Calculate i(-1).
4
Let b(i) be the second derivative of i**5/4 + 8*i. Let y be (1/(-1))/(1 - 0). Determine b(y).
-5
Let f(b) = b**2 + 5*b. Let t = 7 + -12. Determine f(t).
0
Let r(a) = -6*a**2. Suppose 0 = 11*h - 7*h - 4. Calculate r(h).
-6
Let y(g) = -2*g**2 + 5*g - 3. Suppose -13*m = -11*m - 2. Suppose d + m = -4*j, 0 = -3*j - 4 + 1. Calculate y(d).
-6
Let l(j) be the second derivative of 4*j - 1/6*j**3 + 0 + 1/2*j**2. Calculate l(-3).
4
Let w(b) = b**3 + 7*b**2 + 2*b + 7. Let j = -28 - -21. Calculate w(j).
-7
Suppose 2*p + u = 6*u + 6, 3*u + 12 = 0. Let c(r) = r**3 + 7*r**2 + 2*r + 6. Give c(p).
-8
Let p(d) = d**2 + 6*d + 12. Let l(h) = -h**2 - 1. Let z(y) = -2*l(y) - p(y). Give z(7).
-3
Let s(z) = -z**2 - 6*z - 2. Suppose -4*q = 5*r - 3*r - 8, 5*q = 0. Let d = -7 + r. Calculate s(d).
7
Let u(m) = -49 + m**2 + m**3 + 77 - 2*m**2 - 49 - m. What is u(0)?
-21
Let j(a) = 5*a + 8 - 8*a**2 - 8*a**2 + 0*a**2 + 15*a**2. Give j(6).
2
Let k(f) = f + 6. Let q(l) = -l**2 + 4*l - 1. Let z be q(5). What is k(z)?
0
Let t(c) = c + 11. Suppose 7 = -0*i - i. Let o = 11 + i. Suppose -5*k - 3*z - 22 = 0, o*k + 16 = 5*z - 9. Calculate t(k).
6
Let n be (2/(-4))/(1/(-6)). Suppose 2*k - 5*k = 0. Let p(l) = 2 - 4*l + l + 0*l + k*l. Give p(n).
-7
Let o(t) = -t**3 - 3*t**2 + 4*t + 4. Let b(l) be the third derivative of l**5/60 + l**4/6 + 3*l**2. Let a be b(-2). Calculate o(a).
4
Let t(m) = -m - 1. Let r(j) = -j**2 + 4*j + 1. Let a(z) = -r(z) - 4*t(z). Suppose 0 = 3*h - h. Determine a(h).
3
Let l be -13 - (-1 - (-1 + 4)). Let z(s) = -s - 11. Determine z(l).
-2
Let k(n) = n**2 - 4*n + 4. Suppose -3*q + 3*t = -6, 0 = 4*q - 3*q - 5*t + 2. Suppose 3*l - 7 = 3*p - 31, p = q*l + 16. Calculate k(p).
4
Let b(i) be the third derivative of i**5/60 - i**4/6 + i**3/3 - 7*i**2. Calculate b(5).
7
Suppose -z = 3*z + 5*t + 6, -2*t = 4*z. Let g = 1 - z. Suppose g = 8*a - 3*a + 5. Let q(y) = -y**2 - y. Give q(a).
0
Let h(d) = 2*d**2 + 4*d. Let f(c) = c**3 + c. Let r(u) = -f(u) + h(u). Calculate r(-2).
10
Let p(f) be the first derivative of -2*f**2 - 3*f + 1/4*f**4 + 3 + f**3. Calculate p(-2).
9
Let x = 7 + -1. Suppose -h + 0*c = 4*c - 12, 2*c = x. Let w(l) = -4 + l + 3 + h. Give w(1).
0
Let u(n) be the second derivative of n**3/6 - 3*n**2/2 + n. Suppose -2*j = -5*j. Give u(j).
-3
Let b(t) = -3*t - 5. Let k(g) = -8*g - 13. Let n(p) = 11*b(p) - 4*k(p). Let q(h) = h**3 + 8*h**2 + 4. Let r be q(-8). Suppose 0 = -r*s + 8 - 24. What is n(s)?
1
Let l(z) = 7*z - 1. Let d be l(1). Let f(v) = 11*v - 4. Let m(p) = 7*p + 3 - 4 - 2. Let r(q) = 5*f(q) - 8*m(q). Determine r(d).
-2
Let p(g) = g**3 + 4*g**2 - 10*g - 8. Suppose -42 = 7*i - 0. Calculate p(i).
-20
Suppose w + 2 = 6. Let n(x) be the first derivative of -5/3*x**3 + 1/4*x**w + 2*x**2 + 0*x + 1. Determine n(3).
-6
Suppose 0 = h - 5 + 3. Let z(k) = -2*k + 5*k**2 - k - 4*k**2 + 3 - 2. What is z(h)?
-1
Let s(g) be the first derivative of g**3/3 + 2*g**2 + 4*g - 2. Let b(w) = -w. Let z be b(5). Let j = z - -2. Determine s(j).
1
Let g(n) = 7 - 3*n**3 - 4*n - 2 + 5*n**2 + 4*n**3 - 2*n**3. Suppose o + o - 10 = 0. Calculate g(o).
-15
Let v(o) = 2*o - 4. Let t(g) = g - 1. Let l(w) = -3*t(w) + v(w). Calculate l(2).
-3
Let p be (-4)/(2 - (2 - -1)). Let d(x) be the second derivative of -3*x - 1/6*x**3 + 0 + 3*x**2 + 1/20*x**5 - 5/12*x**p. Give d(5).
1
Suppose -x + 17 - 11 = 0. Let n(v) = -2 + v - 3 + x + 0. Determine n(5).
6
Let b be 2*1/(-2)*2. Let g(f) = -f**2 - 2*f + 1. Let z be g(b). Let x(v) = 5*v + 5 + z - 3. Give x(-2).
-7
Let d(o) = 4 + 0*o**2 - 4 - 6*o + 4 - o**2. Let g be d(-6). Suppose g*v + 5 = -v. Let t(u) = -7*u**2 + 1. Give t(v).
-6
Let y(m) be the first derivative of 3*m**2/2 - 4*m + 1. Let l = 9 - 5. Suppose l = -5*u + 19. Calculate y(u).
5
Let l = 6 - 4. Let k(i) = -i + 1 + 0 - i**3 + 0. Determine k(l).
-9
Let z(u) = u - 4 + 2 + 3. Let a(l) = l**2 - 7*l - 11. Let t be a(8). Let c(d) = -d - 1. Let q(m) = t*z(m) - 4*c(m). Calculate q(-4).
-3
Let g(k) be the second derivative of -k**4/12 - k**3 + 5*k**2 - 17*k. Calculate g(-8).
-6
Let j(g) = 4*g**2 - 5*g. Let i(k) = -3*k**2 + 5*k. Let s(d) = 5*i(d) + 4*j(d). What is s(-5)?
0
Let p(b) = 8*b**2 - b. Let k(y) = 3 + 0 - y**2 + 1 - 2*y. Let u(r) = r**2 + 3*r - 5. Let s(t) = 6*k(t) + 5*u(t). Let h be s(2). Determine p(h).
7
Let a = -29 + 31. Let q(b) = b**3 - 3*b**2 + 2*b + 1. Give q(a).
1
Let m(r) = r**2 + 4*r - 7. Let w be (3/(-6))/(((-3)/42)/(-1)). Give m(w).
14
Let z(f) = -f - 9. Suppose -11*n = -23 + 89. Determine z(n).
-3
Let d(k) = k**3 - 4*k**2 - 3*k + 1. Let p = -13 + 17. What is d(p)?
-11
Let s be (-33)/9 + (-4)/(-6). Let j be s*(-1 + 5/3). Let u(o) = -o**2 - 2*o - 1. Give u(j).
-1
Let l(f) = 5*f**2 + 10*f - 8. Let n(b) = -4*b**2 - 9*b + 7. Let a(r) = 6*l(r) + 7*n(r). Suppose 0*t - 3*t + 33 = 0. Let c be (-72)/(-33) - 2/t. Determine a(c).
3
Let o(f) = 5*f**3 + f**2 + f + 1. Let j = 0 - 1. Give o(j).
-4
Let l = -9 - -4. Let c(j) be the third derivative of j**5/60 + 5*j**4/24 - j**3/3 + j**2. Calculate c(l).
-2
Let m(q) = q**2 - 3*q - 3. Suppose 0 = 4*n - 3*r - 13, -2*n + 10 = r + r. Determine m(n).
1
Let p = -9 - -14. Let k(g) = p - 2*g**2 - 4 + g**2 - 2*g. Suppose 0 = 4*j - 2*j - 4. Calculate k(j).
-7
Let c(z) = 2*z**2 - 7*z + 3. Let m(d) = 4*d**2 - 13*d + 6. Let i(w) = -7*c(w) + 4*m(w). Let k(v) = v**2 - v. Let f be k(2). What is i(f)?
5
Suppose -3*h - 1 = -2*h, 0 = 2*c + 3*h - 7. Suppose c*u = -0*u + 10. Let a(s) = -1 - 3*s**2 + s**3 + 3*s - s**2 + u*s**2. Calculate a(2).
5
Let b(d) = -2*d**3 + d**2 + d + 2. Suppose 4*n - 2*n - 4 = 0. What is b(n)?
-8
Let h(l) be the first derivative of -l**2/2 + 1. Let j be h(-4). Suppose 3*w = -2*u + j*u - 8, -5*u = 3*w + 43. Let x(t) = -t - 7. What is x(w)?
-1
Let y(j) = -4*j**3 + 2*j**2 - j + 2. Let i be y(1). Let r(c) = 2*c**3 + c + 1. What is r(i)?
-2
Let k = -98 - -94. Let u(x) = -x - x + 1 + 3*x. Let p(q) = -2*q - 7. Let l(b) = p(b) + 4*u(b). What is l(k)?
-11
Let b(h) = h**2 - h + 5. Let k be b(0). Let u = k - 3. Let a(l) = -4*l**3 + 3*l**3 + l**2 + 0*l**u. What is a(-1)?
2
Let x(n) be the second derivative of n**3/6 - n**2 + 7*n. Let m(q) = 6*q**2. Let k be m(-1). What is x(k)?
4
Let c = 17 + -24. Let z = 7 + c. Suppose z*w = -w. Let f(y) = -y**3 + y**2 + y - 1. Calculate f(w).
-1
Suppose -4*s + 1 = -9*s + w, -2*w = 3*s + 11. Let p(o) = o**2 - 1. Give p(s).
0
Let y(x) = -x - 7. Let i be y(-3). Let h(r) = 2*r**2 + 2*r - 5. Give h(i).
19
Suppose 12 = 3*i, a - 2*i = 2*i - 17. Let h be (a - -4) + (-33)/(-3). Suppose -4*w = h - 6. Let z(m) = 2*m**2 + 1. Determine z(w).
9
Let q(d) = 13*d - 6. Let t(o) = 7*o - 3. Let h(x) = 6*q(x) - 11*t(x). Determine h(3).
0
Let s = -41 - -46. Let r(h) = h**2 - 3*h - 7. Calculate r(s).
3
Suppose 22 = 8*y - 2. Let b(c) be the third derivative of -1/2*c**y + 0*c + 0 - 2*c**2 + 1/24*c**4. Give b(3).
0
Let m(h) = h + 2. Let f = -34 + 37. What is m(f)?
5
Suppose 3*k + 17 = -2*m, 3*k - 4*k + 4*m = 15. Let n(w) = w + 14. Give n(k).
7
Let d be (0/5)/(3 + 0) - 0. Let t(z) = z**2 - z - 10. Determine t(d).
-10
Let n(m) = -7*m + 1. Let r(j) = -6*j + 1. Let h(i) = 4*n(i) - 5*r(i). Give h(6).
11
Let l = 6 + 1. Let d(m) = 4 - 6*m**2 + 2 - m**3 + 9*m + l - 3. Determine d(-7).
-4
Let c be 4/42 - (-328)/84. Let k(q) = -q + 1. Determine k(c).
-3
Let q(r) = 5*r**3 + 4*r**2 - 8*r**2 - 6*r**3 - 4 + 2*r. What is q(-5)?
11
Let a(d) = d**2 + 2*d - 1. Let l(x) = -x**2 + 11*x - 8. Let u be (20/(-6))/(2/(-6)). Let w be l(u). Suppose 4*q + 6 = -2*s - 3*s, -w*s = q. Calculate a(s).
7
Let i(o) = 3*o - 3 + 0*o + 1 - 1. Suppose -1 = -4*x + 11. Calculate i(x).
6
Let z(p) = -2*p**3 - 4*p**2 - 2*p + 2. Let u be 9/(-3) + 2 - -10.